d p?
1
Let n be (-2)/(3/(-258) - 0). Let g be 12/(-42) - n/(-14). Calculate the highest common factor of g and 12.
12
Let f be ((-1)/3)/(1/3). Let c be 1*f + 12/(-3). Let h be -2 - (c/1 + -1). What is the greatest common divisor of h and 32?
4
Let x(z) = 2 + 0 + 0*z**3 - z**3 - 52*z**2 + z + 61*z**2. Let o = 6 - -3. Let f be x(o). Calculate the greatest common divisor of f and 99.
11
Let j(f) be the second derivative of -f + 11/6*f**3 - 5/2*f**2 - 1/12*f**4 + 0. Let b be j(9). Calculate the highest common divisor of 39 and b.
13
Suppose 2*c = 10 + 16. Let d = c + -4. What is the greatest common factor of 63 and d?
9
Let y = -88 + 92. What is the greatest common factor of 10 and y?
2
Let q = -51 + 91. Let v = -3 - -4. Let i be (-3)/v - -1 - -10. What is the highest common factor of q and i?
8
Suppose 0*x = 6*x - 72. What is the greatest common factor of x and 18?
6
Let r be -4*((-2)/6)/((-4)/(-12)). Let h(n) = -3*n - 1. Let u be h(-1). Suppose j + u - 4 = 0. What is the greatest common divisor of r and j?
2
Let o = -96 + 111. What is the greatest common divisor of o and 135?
15
Let a = 2 - 0. Let v(s) = 5*s + 2. Let d be v(a). What is the highest common divisor of 24 and d?
12
Suppose -1500 = -5*b + 165. What is the highest common factor of 9 and b?
9
Suppose 0 = 2*f - 30 + 8. Calculate the highest common factor of 1 and f.
1
Let m(v) = v + 71. Let a be m(0). Suppose 3*y = y + 2, 2*u - a = -y. What is the greatest common divisor of u and 14?
7
Suppose -5*d = -4*d - 9. What is the highest common factor of 45 and d?
9
Let l = -8 + 14. Let c = -209 - -212. Calculate the greatest common divisor of c and l.
3
Suppose -5*z = -5*w - 305, -5*w = -z - 24 + 101. Suppose -2*l - l + z = 0. What is the highest common factor of l and 209?
19
Suppose 5*b + 2 = 7. Suppose 0*v + 2*v + p = -14, -v - 9 = p. Let f = 2 - v. What is the greatest common divisor of b and f?
1
Let m(z) = z**3 - 17*z**2 + 21*z - 5. Let k be m(16). Suppose -5*g - k = -5*o, 95 = 5*o + 3*g + 28. Calculate the highest common divisor of o and 2.
2
Suppose -5*h + 6 + 19 = 0. What is the highest common divisor of 40 and h?
5
Suppose 208 = 5*d - 232. Calculate the greatest common factor of d and 22.
22
Let o = 47 - 39. What is the highest common factor of o and 64?
8
Let a = -84 - -97. Calculate the highest common divisor of 169 and a.
13
Suppose 0 = -t - 4 + 7. Suppose 0*r = t*r - 24. Suppose 5*x = x + 96. Calculate the highest common divisor of x and r.
8
Suppose 4 - 44 = -2*p. What is the greatest common divisor of p and 20?
20
Suppose 3*u + 2*y = 42, -3*y = -2*u - 8*y + 39. Calculate the highest common factor of u and 12.
12
Suppose 4*x + 4 = 2*k, x - 13 = -2*k - 4*x. Let r = k + 1. Calculate the greatest common factor of 5 and r.
5
Suppose 13*h - 81 = 62. What is the highest common factor of 407 and h?
11
Let s = -5 + 13. Let v(t) = -t**3 - 2*t**2 + t - 4. Suppose 0*u - u - 3 = 0. Let x be v(u). Calculate the greatest common factor of s and x.
2
Suppose -175 = -4*w - 5*q, -w + 7*q - 3*q = -70. Let g = 77 + -37. Suppose 0 = 5*p - 3*p - g. What is the highest common factor of p and w?
10
Let j(s) = -7*s. Let u be j(-8). What is the greatest common factor of u and 8?
8
Suppose -5*i + 0 = 3*y + 7, 2*i = -2*y - 2. Let z be i + 1 + 68*2. What is the highest common divisor of z and 15?
15
Suppose -j + 0*j - 4*a = -181, 374 = 2*j + 4*a. Let d = j + -116. Suppose z + 3*z = 28. Calculate the greatest common factor of z and d.
7
Let m = -26 + 14. Let p = m + 17. Suppose -3*s - 6 = -3*w + 45, p*w - s - 69 = 0. Calculate the highest common factor of w and 65.
13
Let o(y) = 10*y**2 - 2*y + 1. Let q be o(1). Suppose -2*a + q = a. Calculate the greatest common factor of a and 12.
3
Let v(j) = -3*j + 39. Let t be v(9). What is the greatest common divisor of t and 276?
12
Let a = -22 - -79. Let j be a/5 + 6/(-15). Calculate the highest common divisor of 121 and j.
11
Let r = 2 + 25. What is the highest common factor of r and 3?
3
Suppose -l + 4*l - 78 = 0. What is the greatest common factor of l and 104?
26
Let h = 5 - 3. Let y(z) = 2*z**2 + 3*z + 3*z**2 - 7*z**3 - z**h. Let g be y(-2). Calculate the greatest common divisor of g and 44.
22
Suppose 10*h - 6*h + 3*o = 2043, -5*h = 5*o - 2555. What is the greatest common divisor of h and 51?
51
Let l(q) = 4*q - 16. Let c be l(14). What is the greatest common factor of 5 and c?
5
Let b be ((-12)/(-14))/(6/28). Suppose 2*y = 5*y + 9. Let h = b + y. What is the highest common divisor of 11 and h?
1
Let k be (-3 + 2)/((-1)/17). Calculate the highest common divisor of k and 85.
17
Let c be (-8)/24 - (-206)/6. What is the greatest common divisor of c and 17?
17
Let v(n) = n**3 + 22*n**2 + 29*n - 10. Let l be v(-20). What is the greatest common factor of l and 21?
21
Let u = 27 - 15. Let p be 1 + 2/4*2. Calculate the highest common factor of u and p.
2
Suppose 4*s = 5*c + 75 - 304, 2*c + 3*s - 87 = 0. Let o(k) = -k**3 + 11*k**2 + 12*k + 5. Let r be o(12). What is the highest common factor of r and c?
5
Let z be (5 + (-76)/12)*-12. Calculate the highest common divisor of z and 112.
16
Let i(u) = u - 4. Let c be i(5). Calculate the highest common divisor of c and 3.
1
Let a(z) = z**3 + 7*z**2 + 6*z + 4. Let p be a(-6). What is the greatest common factor of 4 and p?
4
Let k(f) = -f**3 - 3*f**2 - 4*f + 1. Let s be k(-3). What is the highest common factor of 65 and s?
13
Let d = 21 + 174. Let z = d - 69. Calculate the greatest common divisor of z and 14.
14
Suppose -11 - 1 = -3*f - s, -5*s = -5*f. Let k(d) = 4 - f - d + 0*d. Let l be k(-4). Calculate the greatest common factor of l and 55.
5
Suppose -4*k = 3*a + 90, k + 9 = 5*a - 2. Let u be (0 - k/6)*2. Suppose -1 = -4*r - 5, -2*r = -5*m + u. Calculate the greatest common divisor of 11 and m.
1
Let j = 173 + -81. Suppose 0 = -3*v - 5*r + 40, -4*r + r - j = -4*v. What is the greatest common factor of v and 30?
10
Let b be ((-10)/(-15))/((-4)/(-54)). What is the highest common factor of b and 9?
9
Suppose 104 - 39 = 5*h. What is the greatest common divisor of 91 and h?
13
Let m be 238/(-6) - (-2)/3. Let z = 120 - 175. Let y = m - z. What is the highest common divisor of 40 and y?
8
Let t be 2/5 + (-278)/(-5). Let i(w) = -w + 8. Let y be 2 + -1 - (-42)/(-6). Let g be i(y). Calculate the highest common divisor of g and t.
14
Let m = 83 + -59. Suppose 0 = -2*a + 4*a - m. Let p(z) = -2*z**3 + z - 2. Let y be p(-2). What is the highest common factor of y and a?
12
Let w be ((21/4)/1)/(24/320). What is the greatest common divisor of 10 and w?
10
Let m(h) be the first derivative of -h + 1 + 71/2*h**2. Let k be m(1). Calculate the greatest common divisor of k and 28.
14
Let r be (1 - 2)/((-3)/6). Let h be 5*(r + 14/(-10)). Let z = 14 - h. What is the highest common factor of 88 and z?
11
Suppose -3*d + 1 = -8, 26 = -l - d. Let x = -11 - l. What is the greatest common factor of 90 and x?
18
Let x(t) = t**2 - t - 3. Let c = 2 + 2. Let y be x(c). Calculate the highest common divisor of 36 and y.
9
Let z = 11 + -1. Suppose 10*k = 2*k + 880. Calculate the greatest common divisor of k and z.
10
Let y be (-1 - 114/(-6))/((-6)/(-9)). Calculate the highest common divisor of 6 and y.
3
Let h(c) = 2*c**2 - 4. Suppose -5*y = 4*z - 3*y - 12, 6 = 2*z - y. Let m be h(z). Let j be (6*1 - -1)*1. What is the highest common factor of j and m?
7
Suppose 3*q - 13 = -2*g + 8, -q + 9 = g. Let m be -1 + 15 + 5/5. Calculate the greatest common factor of g and m.
3
Suppose 17*f - 106 = 166. Calculate the greatest common factor of 8 and f.
8
Let x(k) = 3*k**3 - 2*k**2 + 3*k - 7. Let q be x(5). What is the highest common factor of 37 and q?
37
Suppose -4*b + 11 = 3*u, -5*b + 5*u + 5 = -0*u. Let g(n) = 11*n**3 - n**2 + 3*n - 2. Let p be g(b). Calculate the highest common divisor of 8 and p.
8
Suppose -3*r - 18 = -4*r. Let n be (r/10)/(4/20). What is the highest common divisor of 18 and n?
9
Let x(v) be the second derivative of -v**5/20 + 3*v**4/4 - v**3/3 + 7*v**2/2 - 3*v. Let s be x(7). Calculate the highest common factor of 13 and s.
13
Let z = 1 - 0. Suppose -f - 2*t = 6, 4*f + 2*t = -t - 14. Let g = z - f. What is the greatest common factor of 21 and g?
3
Let d(m) = -m + 90. Let h be d(0). What is the highest common factor of 18 and h?
18
Let k = 67 